 w(k) = -582*k - 450. What are the prime factors of w(-8)?
2, 3, 701
Suppose 34*w - 18833 = 10611. What are the prime factors of w?
2, 433
Suppose 38*x - 626494 + 66140 = 22338. What are the prime factors of x?
2, 11, 17, 41
Let z(w) = 266 + 21*w - 10*w - 12*w - 12*w - 5*w. What are the prime factors of z(7)?
2, 5, 7
Suppose 9*x = 1203 + 1038. Let b = x + 620. List the prime factors of b.
11, 79
Suppose -4383 = -10*h + 37837. List the prime factors of h.
2, 2111
Let f = -35 - -40. Let t be (-43)/(f/(-3) + (-18)/(-27)). Let o = t + -26. What are the prime factors of o?
17
List the prime factors of (12094/24*(115 + -123))/(4/(-30)).
5, 6047
Let o(q) be the first derivative of -q**4/4 + 4*q**3 - 21*q**2/2 + 19*q - 1. Let j be ((-432)/12)/(-2 - 2). What are the prime factors of o(j)?
73
Let w(j) be the third derivative of -j**6/120 - j**5/10 - j**4/8 - 3*j**3 - 13*j**2. Suppose 20 = -4*u - 8. List the prime factors of w(u).
2, 13
Suppose -9*m - 1051024 = -38*m - 33*m. List the prime factors of m.
2, 13, 163
List the prime factors of 6217 + -4 + 4 + 28/(-4).
2, 3, 5, 23
Let g = -98 + 144. Let z = g + -41. Suppose -z*i - 44 = -2*y, -3*i - 2 = -y + 20. What are the prime factors of y?
2, 11
Suppose 0 = -6*u - 3*u + 54. Let k(s) = 3*s**3 + 10*s**2 - 13*s - 9. What are the prime factors of k(u)?
3, 307
Let y = -3118 - -2979. Suppose -5*m - 1468 = t, -2*m - 2*t = t + 582. Let z = y - m. List the prime factors of z.
5, 31
Let u(o) = 64*o**2 - 9*o + 38. Let f be u(3). Suppose 0 = -n - f + 1627. List the prime factors of n.
2, 5, 13
Let u(r) = 17*r**2 - 14*r - 265. Let n(m) = -12*m**2 + 10*m + 177. Let x(a) = 7*n(a) + 5*u(a). List the prime factors of x(15).
139
Let k(q) = 185*q**2 - 120*q + 13. What are the prime factors of k(-13)?
2, 3, 13, 421
Let x = 16 + -20. Let s = 4 + x. Suppose f + 3*j - 133 = s, -3*j = -f + 94 + 27. What are the prime factors of f?
127
Suppose -2*r = -n + 5210, -7*n + 2*n + 26014 = 2*r. What are the prime factors of n?
2, 1301
Let n(g) = 3*g + 1311. List the prime factors of n(-8).
3, 11, 13
Let n = 12886 - 7869. What are the prime factors of n?
29, 173
Let y = 742 + -194. Let g be -9*5/(-15) + y. Suppose g = 7*u + 40. List the prime factors of u.
73
Let p(c) = 44*c**3 - 5*c**2 + 5*c + 2. Suppose 4*o = -8 + 16. What are the prime factors of p(o)?
2, 43
What are the prime factors of 31/(-62) - ((-4)/30 + 19737263/(-390))?
2, 3163
Let r be -3*(-2 + (-10)/(-15)). Suppose -2*h + 9*b = 7*b + 884, 2*b = r*h + 1770. Let t = -254 - h. List the prime factors of t.
3, 7
Let v(y) = 2*y + 13. Let p be v(-6). Let t be p/(-4) + (-2705)/(-20). Suppose 213 + t = 3*z. List the prime factors of z.
2, 29
Suppose -714 = -7*j + 4*j. Let p = j + -484. Let f = 364 + p. What are the prime factors of f?
2, 59
Let c(s) = s**3 - s**2 - 1. Let o be c(0). Let a be (o/(-5))/((-8)/16)*-215. Suppose -t + a + 14 = -4*u, 0 = u + 3. List the prime factors of t.
2, 11
Suppose 4*r - 2*f = 83868, 19*f - 10 = 24*f. List the prime factors of r.
2, 11, 953
Suppose -4*g + 3*n = -236909, 2*n - 191 = -205. What are the prime factors of g?
2, 29611
Let x = -179 - -187. Suppose x*k + 1564 = 12*k. What are the prime factors of k?
17, 23
Let g(f) = -1713*f - 7332. What are the prime factors of g(-24)?
2, 3, 5, 563
Let u = -6484 + 15489. What are the prime factors of u?
5, 1801
Let x be (1/(-1))/((-16)/864). Let l = x + 141. List the prime factors of l.
3, 5, 13
Suppose 25410 = -90*w + 91*w + 4*a, -101691 = -4*w + a. List the prime factors of w.
2, 3, 19, 223
Let z be ((-2 - -3) + 3470)*12/36. Let x = z - 149. List the prime factors of x.
2, 3, 7
Let z = 42151 - -10152. What are the prime factors of z?
193, 271
Suppose 880*p = 2*q + 884*p - 31048, -3*p = 3*q - 46554. What are the prime factors of q?
2, 7, 277
Let u be ((-2)/1)/(-2) - (-4 + -3). Let p be u*-2*5/(-20). Suppose 340 + 122 = p*r + 5*o, -3*r + 337 = -o. What are the prime factors of r?
113
Let z = -100 - -104. Suppose -2*j = -z*j + 32. Suppose 0 = -6*p + j + 2. What are the prime factors of p?
3
Let t(s) = -s - 4. Let x be t(-6). Suppose 0 = 2*d + x*d - 2188. What are the prime factors of d?
547
Let f = 485 + 10833. List the prime factors of f.
2, 5659
Let p = -302 + 308. List the prime factors of 115 - (30/p + 1*-8).
2, 59
Let q = -154 + 232. Suppose -w - q = -1135. What are the prime factors of w?
7, 151
Suppose -13 + 98 = 5*t. Let i = 36 - t. Suppose -24*f = -i*f - 605. What are the prime factors of f?
11
What are the prime factors of ((308/(-18))/(28/3066))/(1/(-12))?
2, 7, 11, 73
Suppose -z + 2*s + 0*s = 849, 0 = -4*z + 3*s - 3386. Let q = 1434 + z. What are the prime factors of q?
19, 31
Suppose -7*b = -b - 84. Let w(h) = -h**2 + 44 - b*h - 29 - 23. What are the prime factors of w(-12)?
2
Let p = 92 - 93. List the prime factors of (6/p - -27)*8/3.
2, 7
Suppose 4*x = -4*x + 32. Suppose 0 = 4*k + 3*v - 2335, x*k - 6*k + 1175 = -v. List the prime factors of k.
2, 293
Suppose 0 = 19*l - 26952 - 28756. List the prime factors of l.
2, 733
Let d be (308/(-12))/(-4 + (-39)/(-9)). Let y(n) = n**3 + 6*n**2 - 7*n + 2. Let w be y(-7). Let k = w - d. What are the prime factors of k?
79
Suppose 0 = -1124*o + 1031*o + 1820382. List the prime factors of o.
2, 9787
Let l be (-10)/(8/4)*(-18)/45. Suppose -5*p = 5*z - 655, 2*z = -l*z + 3*p + 489. List the prime factors of z.
2, 3, 7
Let o = -1149 + 1669. Let n = o + 232. What are the prime factors of n?
2, 47
Let j = 1193 - -1596. Suppose 5*b - j = 2*r + 3461, -6265 = -5*b + 5*r. What are the prime factors of b?
2, 3, 13
Let k be ((-44375)/55 + (-8)/44)*-1. Suppose -435 = -6*z + k. List the prime factors of z.
3, 23
Suppose -131*g - 361400 = -144*g. What are the prime factors of g?
2, 5, 139
Let z = 13916 - 568. What are the prime factors of z?
2, 47, 71
Let c(l) = -20*l**2 + 32*l - 1. Let k be c(6). Let j = -240 - k. List the prime factors of j.
17
Let o = 9060 - 5750. What are the prime factors of o?
2, 5, 331
Suppose 0 = 4*x - 7*x + u + 14, -5*x + 2*u + 22 = 0. Let w(h) = 2*h**3 - 4*h**2 - 4. Let p be w(x). List the prime factors of (p/(-8) + 4)/((-6)/8).
2, 3, 7
Suppose -3*u = -5*m + 83202, 25*m + 3*u = 28*m - 49926. What are the prime factors of m?
2, 3, 47, 59
Suppose 7175 = 5*y - 0*k - k, k + 5739 = 4*y. What are the prime factors of y?
2, 359
Let r be -100*(-8)/32 + 4/(-1). Suppose 22*p - 177 = r*p. Suppose 0 = -4*h + 5*f + p, -175 = -4*h - 3*f + 6*f. What are the prime factors of h?
43
Let w(y) = 408*y**3 - y**2 + 2*y - 1. Suppose 0 = 4*r - 11 + 7. List the prime factors of w(r).
2, 3, 17
Let y(c) = 9*c**2 + 61*c - 268. List the prime factors of y(-46).
2, 5, 1597
Let q be (630/(-147))/(-1 + (-6)/(-7)). What are the prime factors of (q/(-5) - -9) + 428?
431
Let l be (648/(-10))/(1/(-5)). Suppose 0 = 3*g - 2*y - l, -g - 3*y - 2*y = -108. Let w = -58 + g. List the prime factors of w.
2, 5
Let m be (-4)/((-7)/((-21)/(-12)) + 3). Suppose 3*o - 3*b = 939, m*o + 2*b = -2*b + 1220. What are the prime factors of o?
3, 103
Let v = 181 - -16. Let w(u) = u**3 - 4*u**2 + 4*u + 5. Let l be w(2). Let j = v + l. What are the prime factors of j?
2, 101
Let w(j) = 3*j**2 - 58*j - 307. List the prime factors of w(-21).
2, 1117
Let p = 97 + -81. Suppose -p*f = -10*f - 54. Suppose 5*r = f*r - 16. List the prime factors of r.
2
List the prime factors of (7053*(-96)/36)/((-2)/1).
2, 2351
Let u be (-5108)/(-22) + 74/(-407). Suppose 388 = 2*o - u. What are the prime factors of o?
2, 5, 31
Let q(d) be the third derivative of d**6/120 + 2*d**5/15 - d**4/8 - d**3/2 + 497*d**2. Let n = -4 + -2. What are the prime factors of q(n)?
3, 29
Let q = 36 + -22. Suppose -4*m = -s + q, -7 = 2*s - 5*s + 5*m. What are the prime factors of (-1 + -159)*(-2)/s*-3?
2, 5
Suppose -3*w + 2*r = 2, -w + 3 = -4*r - 3. List the prime factors of (3 + w)/(7/2590).
2, 5, 37
Let r(v) = 8*v - 2*v**2 + 25 + 4*v**2 + 3*v - 2*v - 101. What are the prime factors of r(-18)?
2, 5, 41
Let a = 200 + -140. Let d = -71 + a. List the prime factors of d/((-44)/576) - 2.
2, 71
Let d(h) = 3*h**2 + 3*h - 3. Suppose -19*q - 10 = -219. List the prime factors of d(q).
3, 131
Suppose 0 = -4*w + 7*l - 12*l + 189, 5*w = 3*l + 264. Suppose 0 = -44*f + w*f - 7714. What are the prime factors of f?
2, 19, 29
Let k(h) = -h**2 + 23*h + 31. Suppose